et r(i) = -9*i**2 - 3584*i + 2833. What is r(-399)?
40
Let f(l) = 7*l**3 + 209*l**2 - 247*l - 81. What is f(-31)?
-112
Let o(z) = -153688*z - 1075826. Give o(-7).
-10
Let x(f) = -10550*f + 474776. What is x(45)?
26
Let i(n) = 4*n**3 - 640*n**2 + 1269*n - 879. Determine i(158).
-89
Let g(t) = -15*t**3 - t**2 + 753*t + 115. Determine g(0).
115
Let x(i) = -63153*i + 2778736. Determine x(44).
4
Let v(g) = -921*g - 27581. What is v(-30)?
49
Let l(t) = -6*t**3 + 6*t**2 - 94*t - 219. What is l(-2)?
41
Let s(z) = -344*z - 58910. Determine s(-177).
1978
Let b(k) = 48624*k + 146080. Determine b(-3).
208
Let v(m) = 109*m**2 - 4654*m - 4658. Determine v(-1).
105
Let h(k) = 149175*k - 1342672. Calculate h(9).
-97
Let v(y) = 2*y**3 + 2*y**2 + 134*y - 330. Determine v(0).
-330
Let x(f) = 2*f**3 + 34*f**2 + 92*f + 6. Calculate x(-5).
146
Let m(j) = -116*j**2 - 155276*j + 64285. What is m(-1339)?
13
Let b(g) = -g**2 + 643*g - 91858. What is b(426)?
584
Let u(g) = -2151*g + 15578. Determine u(7).
521
Let q(s) = -26220*s + 52471. Determine q(2).
31
Let r(n) = n**3 + 122*n**2 + 3746*n + 1966. Give r(-58).
-6
Let b(y) = -667646*y - 1335282. Calculate b(-2).
10
Let m(j) = -250043*j + 21003619. Give m(84).
7
Let t(m) = -45*m**2 - 2161*m - 72. Calculate t(-48).
-24
Let o(m) = 16*m**2 - 388*m + 6498. Calculate o(20).
5138
Let d(z) = z**3 - 6*z**2 - 55*z - 111. Give d(-6).
-213
Let c(q) = -2*q**2 - 568*q + 4547. Calculate c(8).
-125
Let y(l) = -11567*l - 798093. Calculate y(-69).
30
Let y(q) = 1187019*q + 11870188. Determine y(-10).
-2
Let k(y) = y**3 - 46*y**2 - 382*y + 834. What is k(53)?
251
Let d(n) = 38*n - 15471. Determine d(369).
-1449
Let y(p) = p**3 - 7*p**2 + 77*p - 259. Give y(4).
1
Let w(r) = -r**3 + 61*r**2 + 1060*r - 64631. What is w(61)?
29
Let w(b) = -7*b**2 + 116*b + 418. Determine w(-8).
-958
Let q(g) = -7*g**2 - 1049*g + 1141. Calculate q(-151).
-67
Let w(r) = 27025*r - 81032. Calculate w(3).
43
Let c(n) = -15*n + 560. Give c(51).
-205
Let u(b) = 2*b**3 - 139*b**2 - 343*b - 1278. Calculate u(72).
-54
Let v(u) = u**2 - 2345*u + 25628. Determine v(11).
-46
Let h(j) = -j**3 + 12*j**2 - 1258*j + 9868. Calculate h(8).
60
Let h(t) = 283*t**2 + 496*t - 497. What is h(1)?
282
Let l(v) = 4*v**3 + 344*v**2 - v - 199. Give l(-86).
-113
Let m(i) = -6*i**2 + 255*i + 433. Calculate m(47).
-836
Let v(j) = j**2 + 341*j - 14412. Calculate v(38).
-10
Let s(p) = -p**3 - 751*p**2 - 17493*p - 32710. Calculate s(-727).
5
Let u(j) = 109096*j + 109083. Calculate u(-1).
-13
Let o(x) = 3302*x + 69157. Give o(-21).
-185
Let l(q) = -556*q - 6237. Calculate l(-14).
1547
Let f(o) = 7*o**2 - 8151*o + 40659. What is f(5)?
79
Let t(v) = 333*v + 4821. Determine t(-15).
-174
Let g(j) = j**2 + 702*j + 10151. Calculate g(-15).
-154
Let q(z) = 2*z**2 + 81*z - 861. Calculate q(6).
-303
Let k(h) = -h**3 - 12*h**2 + 9*h - 1314. Calculate k(-17).
-22
Let f(g) = 183*g**3 - g**2 + 177*g + 353. Determine f(-2).
-1469
Let w(j) = -2823*j - 124227. Give w(-44).
-15
Let r(a) = a**2 - 810*a - 669510. Calculate r(-508).
34
Let v(h) = -6*h**3 + 788*h**2 - 282*h + 2622. Determine v(131).
2
Let t(g) = 4*g**3 + 289*g**2 + 499*g + 30750. What is t(-72)?
6
Let a(u) = 3*u**2 - 195*u + 2893. What is a(44)?
121
Let c(n) = 8803*n + 26410. Determine c(-3).
1
Let q(z) = -1048*z - 4060. Determine q(-4).
132
Let f(w) = 2*w**3 - 292*w**2 + 10216*w - 735. What is f(88)?
-31
Let z(v) = 4802*v + 1042076. What is z(-217)?
42
Let t(j) = j**3 + 370*j**2 - 4822*j + 60149. What is t(-383)?
18
Let j(h) = -h**3 - 174*h**2 + 2004*h - 5617. Give j(-185).
118
Let r(f) = 1010*f + 90888. Determine r(-90).
-12
Let i(j) = 99*j**2 + 18928*j - 34542. What is i(-193)?
5
Let q(i) = 9*i**3 + 130*i**2 + 52. What is q(-13)?
2249
Let s(k) = 49*k + 9561. Calculate s(-193).
104
Let s(t) = t**3 + 46*t**2 + 207*t + 5233. Calculate s(-44).
-3
Let f(j) = j**3 + 51*j**2 + 661*j + 22439. Calculate f(-47).
208
Let t(g) = g**3 + 13*g**2 - 5*g + 173. Give t(-15).
-202
Let y(l) = 46*l**3 - 5*l**2 + 29*l - 41. Determine y(2).
365
Let u(l) = -5158*l + 134119. Calculate u(26).
11
Let f(k) = -19853*k + 1369800. What is f(69)?
-57
Let o(w) = 6*w**2 + 325*w + 3535. Give o(-15).
10
Let o(p) = -13*p**3 + 12*p**2 - 20297*p + 20297. Determine o(1).
-1
Let z(g) = 29*g**2 - 2388*g + 977. Calculate z(82).
157
Let g(t) = -6788*t - 27016. What is g(-4)?
136
Let q(p) = p**3 + 57*p**2 - 314*p + 4189. Calculate q(-63).
157
Let h(a) = 5*a**3 - 42*a**2 + 10*a + 5. Give h(10).
905
Let r(y) = 331087*y + 22513932. What is r(-68)?
16
Let t(q) = q**2 - 218*q + 2706. Determine t(13).
41
Let h(i) = -358*i - 4137. Give h(-7).
-1631
Let j(p) = -2327*p - 11487. Calculate j(-5).
148
Let t(y) = -y**3 + 103*y**2 + 1137*y + 67. Calculate t(-10).
-3
Let s(v) = 690*v - 489229. What is s(709)?
-19
Let t(l) = 3*l**2 + 1852*l + 23718. What is t(-13)?
149
Let b(u) = 2*u**3 + 186*u**2 - 574*u + 25. Calculate b(-96).
-167
Let o(f) = -f**2 - 5*f + 85540. Determine o(290).
-10
Let r(u) = 52*u**2 + 123*u - 5. Calculate r(-3).
94
Let l(x) = x**3 + 13*x**2 - 1270*x - 15374. Give l(-12).
10
Let y(m) = -m**3 - 389*m**2 - 11102*m - 1405. Determine y(-358).
27
Let k(u) = -u**3 - 224*u**2 + 5130*u - 3793. What is k(-245)?
-118
Let x(o) = 5*o**2 - 1011*o - 6064. Give x(-6).
182
Let b(t) = 2*t**3 - 40*t**2 - 1391*t - 417. Give b(-18).
-3
Let m(j) = 46*j - 826. Give m(29).
508
Let g(l) = -3243*l + 142696. Calculate g(44).
4
Let l(u) = -6*u**3 - 17*u**2 + 121*u + 45. Calculate l(-6).
3
Let u(y) = -11486*y - 1033754. What is u(-90)?
-14
Let j(p) = 15*p**2 + 499*p + 1532. Calculate j(-3).
170
Let g(m) = -m**3 - 36*m**2 - 228*m + 79. What is g(-21)?
-1748
Let h(k) = -15226*k + 106404. Determine h(7).
-178
Let s(x) = 2874*x + 48724. Determine s(-17).
-134
Let d(p) = 2*p**2 + 12051*p + 371501. Determine d(-31).
-158
Let n(d) = -14082*d + 126785. Calculate n(9).
47
Let m(j) = -14674*j + 2729303. What is m(186)?
-61
Let m(w) = 6*w**2 + 7079*w + 125481. Calculate m(-18).
3
Let y(c) = 2*c**3 - 93*c**2 + 137*c + 22253. Calculate y(36).
-31
Let j(a) = -12029*a - 793912. Determine j(-66).
2
Let a(n) = -2*n**3 - 84*n**2 - 809*n + 18. Calculate a(-27).
-9
Let c(r) = 23376*r + 584395. Calculate c(-25).
-5
Let a(z) = 506*z**2 + 110*z + 9. Calculate a(-1).
405
Let m(n) = 3*n**2 + 178*n - 684. Determine m(-67).
857
Let q(w) = -4*w**2 - 744*w + 4611. Calculate q(-192).
3
Let w(x) = -1011*x + 128330. Give w(127).
-67
Let g(c) = -625*c**2 + 2493*c + 13. Determine g(4).
-15
Let a(q) = q**2 - 86548*q - 346202. Determine a(-4).
6
Let p(u) = u**3 + 120*u**2 - 1039*u - 71. What is p(8)?
-191
Let m(s) = -969*s - 77511. Determine m(-80).
9
Let a(z) = -533*z**2 - 189746*z + 724. Give a(-356).
12
Let v(g) = g**3 - 27*g**2 - 259*g + 1410. Give v(4).
6
Let t(b) = 544*b - 34089. Calculate t(62).
-361
Let d(n) = n**3 - 6*n**2 - 214*n - 628. Calculate d(-3).
-67
Let x(p) = 8*p**3 - 337*p**2 + 37*p + 94. What is x(42)?
-116
Let k(p) = -5867*p - 1736526. Give k(-296).
106
Let c(j) = -2*j**3 + 169*j**2 - 52*j + 413. What is c(84)?
3101
Let i(o) = -o**3 + 280*o**2 + 23667*o + 9. Determine i(-68).
-195
Let a(d) = -575*d + 1242. Calculate a(4).
-1058
Let j(a) = -2*a**2 - 957*a - 114478. Calculate j(-237).
-7
Let c(b) = -17*b**2 - 676*b + 13. Give c(-40).
-147
Let g(p) = 15*p**3 - 64*p**2 + 198*p + 29. What is g(4)?
757
Let d(a) = -20835*a - 645814. Determine d(-31).
71
Let n(x) = -47*x**2 - 1039*x + 27. Calculate n(-22).
137
Let c(s) = s**3 + 3446*s**2 + 13816*s + 189. Determine c(-4).
-3
Let m(j) = 11*j**2 - 298*j - 10297. Calculate m(47).
-4
Let i(a) = -2403*a - 9759. Give i(-4).
-147
Let p(x) = -x**3 - 183*x**2 + 700*x + 192183. Calculate p(-181).
-39
Let t(h) = 209*h + 5233. What is t(-20)?
1053
Let u(a) = 397*a - 3566. Give u(9).
7
Let g(k) = -2394*k - 12044. Calculate g(-5).
-74
Let l(t) = 619*t + 5546. Determine l(-9).
-25
Let t(s) = s**2 - 3279*s + 19628. Calculate t(6).
-10
Let h(t) = -3*t**3 - 96*t**2 - 440*t - 8. Calculate h(-5).
167
Let w(h) = -1027*h - 595689. What is w(-580)?
-29
Let s(l) = -41*l**2 - 399*l + 3162. What is s(-14)?
712
Let v(y) = 2*y**3 - 27*y**2 + 2522*y - 12116. What is v(5)?
69
Let h(f) = -19*f**2 - 395*f - 326. Determine h(-20).
-26
Let l(n) = n**3 + 40*n**2 + 225*n + 41. What is l(-30)?
2291
Let u(s) = 5512